).
-8
Let b(u) = -6*u**2 - 5*u + 122. Calculate b(-5).
-3
Let k(c) = -32*c + 297. Calculate k(6).
105
Let a(w) = -19*w**3 - 6*w**2 - 9*w - 9. Give a(-1).
13
Let h(n) = -14*n + 300. What is h(21)?
6
Let z(w) = 18*w**3 - 3*w**2 - 20*w - 52. What is z(-3)?
-505
Let u(d) = 257*d + 651. What is u(-5)?
-634
Let w(j) = -j**2 - 1229*j - 31283. What is w(-26)?
-5
Let a(z) = -779*z + 10912. What is a(14)?
6
Let h(d) = -d**3 + 4*d**2 - 3*d + 4. Determine h(7).
-164
Let x(z) = 1508*z + 30164. Give x(-20).
4
Let d(u) = 11*u**3 - u**2 + 6*u + 5. Determine d(-2).
-99
Let g(c) = 2*c**2 - 1989*c - 3984. Determine g(-2).
2
Let g(i) = -5*i**3 + 2*i**2 - 14*i + 13. Give g(2).
-47
Let z(m) = m**3 - 21*m**2 + 9*m + 148. Determine z(21).
337
Let r(c) = -8*c**2 + 6*c - 40. Give r(0).
-40
Let u(c) = -6*c + 736. Calculate u(119).
22
Let u(q) = -2*q**3 + 14*q**2 - 69*q + 617. Calculate u(8).
-63
Let p(b) = 5255*b - 31535. Give p(6).
-5
Let v(l) = 823*l + 64188. Calculate v(-78).
-6
Let y(g) = 283*g - 36. Calculate y(0).
-36
Let c(n) = -9*n**3 - 5*n**2 + 6*n - 2. Calculate c(1).
-10
Let g(q) = 374*q + 2623. Give g(-7).
5
Let c(w) = 136*w + 17101. Give c(-126).
-35
Let p(m) = m**3 + 45*m**2 - 87*m + 105. Calculate p(-47).
-224
Let i(g) = 11*g**2 - 160*g + 20. Determine i(15).
95
Let w(y) = -2*y**3 + 34*y**2 + 5*y - 88. Determine w(17).
-3
Let x(j) = 27*j - 503. Give x(19).
10
Let o(f) = f**3 + 15*f**2 + 4*f + 68. What is o(-15)?
8
Let a(l) = -l**2 + 4*l + 32. Give a(12).
-64
Let b(v) = 3*v + 136. Calculate b(12).
172
Let n(u) = 2*u**3 - 41*u - 5. Determine n(0).
-5
Let r(w) = 458*w - 1376. Determine r(3).
-2
Let k(r) = r**3 - 6*r**2 + 7*r + 8. Calculate k(0).
8
Let b(t) = t**3 - 6*t**2 - 58*t - 166. Give b(12).
2
Let q(l) = -1906*l - 1899. Give q(-1).
7
Let o(v) = -v**3 + 6*v**2 + 7*v - 22. Give o(7).
-22
Let r(n) = -56*n + 129. Give r(4).
-95
Let o(j) = j**3 + 7*j**2 - 12*j - 3. What is o(-8)?
29
Let w(n) = 1226*n - 2395. Determine w(2).
57
Let i(q) = -2*q**2 + 251*q - 126. Determine i(125).
-1
Let o(r) = -r**2 - 414*r - 39122. What is o(-268)?
6
Let r(q) = -2*q**2 - 8*q + 25. Determine r(-7).
-17
Let p(m) = -2*m**3 + 143*m**2 - 476*m - 7. Determine p(68).
-7
Let o(m) = -252*m + 2288. Give o(9).
20
Let t(x) = -126*x + 5430. Calculate t(43).
12
Let s(v) = v**3 + 6*v**2 - 2*v - 41. Calculate s(-3).
-8
Let t(v) = -46*v + 388. Calculate t(9).
-26
Let i(n) = 265*n - 2916. Give i(11).
-1
Let m(c) = c**2 - 617*c - 9419. Calculate m(-15).
61
Let m(f) = 2*f**2 + 3597*f + 17943. What is m(-5)?
8
Let g(s) = 2*s**2 - 48*s - 206. Determine g(-5).
84
Let m(x) = -x**2 + 243*x - 1654. Calculate m(7).
-2
Let q(d) = -2*d**3 - 10*d**2 + 5*d + 44. Determine q(-4).
-8
Let o(l) = l**2 + 192*l - 4008. Determine o(19).
1
Let b(n) = n**2 - 74*n - 128. Calculate b(75).
-53
Let j(o) = -10*o + 51. What is j(16)?
-109
Let n(t) = -t**3 + 11*t**2 - 9*t - 14. Determine n(10).
-4
Let i(g) = -g**2 - 1271*g - 5068. Calculate i(-4).
0
Let o(x) = -33*x + 160. Calculate o(-10).
490
Let w(n) = -95*n + 4273. Determine w(45).
-2
Let q(l) = -54*l + 746. Calculate q(13).
44
Let m(i) = i**2 - 45*i + 280. Determine m(38).
14
Let q(r) = r**3 - 42*r**2 - 49*r + 247. Determine q(43).
-11
Let s(d) = -d**3 - d**2 - 13*d + 14. Determine s(1).
-1
Let j(b) = b**3 - 95*b + 38. Determine j(-10).
-12
Let c(f) = -147*f**2 + 10876*f + 131. What is c(74)?
-17
Let n(h) = h**3 + 28*h**2 + 47*h + 44. What is n(-26)?
174
Let r(l) = -14*l**2 + 97*l + 100. What is r(-1)?
-11
Let d(a) = 300*a + 314. Calculate d(-1).
14
Let n(a) = -223*a - 240. What is n(-1)?
-17
Let w(g) = -g**3 - 10*g**2 - 75*g - 144. Determine w(-6).
162
Let v(f) = -389*f + 2338. Determine v(6).
4
Let b(x) = 13*x**2 + 72*x + 4. Give b(-11).
785
Let t(z) = -z**3 - 7*z**2 - 13*z + 2. Determine t(-8).
170
Let p(a) = a**2 + 76*a + 624. What is p(-67)?
21
Let q(r) = r**3 + 44*r**2 - 243*r + 113. Determine q(-49).
15
Let c(m) = -58*m + 225. Calculate c(4).
-7
Let m(g) = -g**2 - 70*g + 361. Determine m(-75).
-14
Let a(o) = -o**3 - 11*o**2 - 31*o - 21. What is a(-9)?
96
Let x(j) = 32*j + 4681. What is x(-147)?
-23
Let k(c) = -c**3 - 4*c**2 - 44*c - 136. Calculate k(-4).
40
Let c(n) = 3*n**2 + 2*n + 15. What is c(0)?
15
Let p(h) = 8*h + 200. Calculate p(-24).
8
Let u(o) = -77*o + 4315. Calculate u(56).
3
Let r(b) = -b**2 + 74*b + 326. Determine r(-4).
14
Let q(i) = 3*i**2 - 119. Give q(-10).
181
Let q(p) = p**3 + 17*p**2 - 353*p - 135. Give q(-29).
10
Let u(p) = -2*p**3 - 38*p**2 - 146*p - 377. What is u(-15)?
13
Let z(b) = -451*b + 33828. Determine z(75).
3
Let f(w) = -1589*w + 1599. Give f(1).
10
Let h(w) = -4*w**2 - 90*w - 744. Determine h(-17).
-370
Let w(x) = -1070*x - 25594. Determine w(-24).
86
Let l(r) = 2*r - 19. Determine l(3).
-13
Let h(n) = -1048*n + 10474. What is h(10)?
-6
Let z(k) = k**3 - 10*k**2 - 102*k + 341. What is z(-8)?
5
Let m(k) = -k**3 - 9*k**2 - 15*k - 22. Calculate m(-5).
-47
Let p(r) = 20*r + 57. Determine p(-7).
-83
Let r(c) = -2*c**2 - 28*c + 280. What is r(12)?
-344
Let z(m) = 7920*m + 47546. What is z(-6)?
26
Let n(m) = -m**3 - 60*m**2 - 227*m - 162. Determine n(-56).
6
Let f(h) = 15*h**2 + 11*h - 21. What is f(3)?
147
Let g(b) = 260*b + 2549. Determine g(-10).
-51
Let q(r) = 92*r - 2985. Calculate q(32).
-41
Let q(o) = 5*o - 18. Calculate q(-13).
-83
Let f(a) = 2*a**3 - 28*a**2 + 12*a + 20. Determine f(7).
-582
Let v(w) = -12*w + 1205. Give v(111).
-127
Let s(l) = -l**2 + 71*l - 682. Calculate s(30).
548
Let c(b) = -b**2 - 66*b + 72. Calculate c(-67).
5
Let j(h) = -h**3 - 21*h**2 - 70*h - 265. Give j(-18).
23
Let u(x) = -x**2 - 160*x + 4008. What is u(22)?
4
Let v(w) = -w**3 - 22*w**2 - 108*w + 55. Calculate v(-16).
247
Let d(z) = z**3 - 8*z**2 - 3*z - 69. What is d(7)?
-139
Let c(z) = -508*z - 4570. Calculate c(-9).
2
Let w(a) = -a**3 - 89*a**2 - 718*a + 169. Determine w(-80).
9
Let h(s) = 2*s**3 + 9*s**2 + 9*s + 10. Calculate h(-7).
-298
Let b(v) = 9*v**2 + 46*v - 580. Determine b(6).
20
Let n(u) = -368*u + 50063. Determine n(136).
15
Let z(j) = -2*j**3 - 233*j**2 - 341*j + 446. Determine z(-115).
-14
Let i(y) = -20*y**3 - 2*y**2 - 3*y - 9. Calculate i(-2).
149
Let c(z) = -81*z**2 + 6965*z + 95. What is c(86)?
9
Let a(z) = 45*z + 380. What is a(-9)?
-25
Let w(v) = -v**3 + 23*v**2 - 27*v + 122. Determine w(22).
12
Let f(q) = -q**3 + 9*q**2 - 10*q + 49. Give f(10).
-151
Let o(b) = 47*b**2 - 1239*b + 448. Give o(26).
6
Let x(h) = 298*h + 3701. What is x(-12)?
125
Let h(s) = -s**2 - 68*s - 813. Determine h(-17).
54
Let s(q) = -q**2 - 34*q - 238. Calculate s(-37).
-349
Let m(v) = -38*v**2 - 790*v + 162. Calculate m(-21).
-6
Let b(x) = 40*x - 1266. Determine b(32).
14
Let l(f) = -62*f - 160. What is l(-3)?
26
Let f(n) = n**3 + 2*n**2 + 118*n + 119. What is f(-1)?
2
Let b(g) = -2*g**2 + 220*g + 445. Give b(-2).
-3
Let j(n) = -2*n**2 - 2*n + 64. Determine j(9).
-116
Let u(c) = -22*c - 435. Determine u(-12).
-171
Let b(p) = 5*p**2 - 250*p - 535. Determine b(52).
-15
Let t(q) = 1147*q + 20633. What is t(-18)?
-13
Let v(k) = 24*k + 67. Calculate v(-9).
-149
Let n(k) = k**2 + 436*k - 21112. Calculate n(44).
8
Let f(i) = 272*i**2 - 819*i - 2. What is f(3)?
-11
Let o(a) = 3*a**2 - 20*a - 75. What is o(16)?
373
Let j(v) = v**3 - 61*v**2 + 381*v + 25. What is j(54)?
187
Let p(j) = -2*j**3 - 316*j**2 - 1218*j + 54. Calculate p(-4).
-2
Let p(s) = -s**2 - 211*s - 2214. Give p(-200).
-14
Let n(q) = -67*q + 668. Give n(10).
-2
Let d(r) = -136*r + 8021. Determine d(57).
269
Let f(h) = 7*h**2 + 329*h - 19. Give f(-47).
-19
Let y(p) = 118*p**2 + 8*p - 4. Determine y(1).
122
Let z(q) = 3*q**2 - 7*q - 53. Calculate z(6).
13
Let r(l) = 13*l**2 - 51*l - 781. Calculate r(-6).
-7
Let x(a) = 79*a + 228. Determine x(-5).
-167
Let k(l) = -74*l + 14728. Give k(199).
2
Let y(z) = -z**2 - 2167*z + 6511. Give y(3).
1
Let z(d) = 67*d**2 - 275*d + 34. Calculate z(4).
6
Let v(c) = -166*c - 540. Calculate v(-4).
124
Let z(l) = -l**3 + 24*l**2 - 39*l + 80. Calculate z(21).
584
Let t(a) = 11*a - 272. Calculate t(27).
25
Let l(m) = 98*m + 2778. Give l(-31).
-260
Let k(b) = -32*b**3 - 8*b**2 - 17*b - 3. What is k(-3)?
840
Let t(a) = 4*a**3 + 72*a**2 + 320*a + 4. Calculate t(-8).
4
Let t(z) = 37*z - 43. Determine t(7).
216
Let j(f) = 5*f**2 - f - 52. Calculate j(0).
-52
Let h(o) = 